
What is the remainder when 740337 is divided by 81?
78
Calculate the remainder when 126045507 is divided by 7015.
7002
Calculate the remainder when 37377 is divided by 37346.
31
Calculate the remainder when 840807 is divided by 507.
201
Calculate the remainder when 339225 is divided by 3474.
2247
Calculate the remainder when 232224706 is divided by 1361.
1359
What is the remainder when 59476818 is divided by 109?
96
What is the remainder when 77882 is divided by 38371?
1140
What is the remainder when 486688377 is divided by 2078?
2075
What is the remainder when 367314747 is divided by 102?
99
Calculate the remainder when 199207 is divided by 1885.
1282
What is the remainder when 534247 is divided by 9055?
2
What is the remainder when 4288162 is divided by 651?
25
Calculate the remainder when 345846 is divided by 7.
4
What is the remainder when 33106866 is divided by 180?
6
What is the remainder when 216405 is divided by 261?
36
Calculate the remainder when 31820 is divided by 2317.
1699
Calculate the remainder when 22968671 is divided by 2775.
2771
Calculate the remainder when 3420874 is divided by 1686.
1666
Calculate the remainder when 2884449 is divided by 645.
9
Calculate the remainder when 2031653 is divided by 338597.
71
What is the remainder when 62301269 is divided by 116?
105
What is the remainder when 223948 is divided by 1811?
1195
What is the remainder when 1215870959 is divided by 2260?
2259
Calculate the remainder when 105342 is divided by 35099.
45
Calculate the remainder when 14224 is divided by 1947.
595
What is the remainder when 607935 is divided by 75991?
7
Calculate the remainder when 1920463 is divided by 960226.
11
What is the remainder when 64740 is divided by 31690?
1360
What is the remainder when 10872714 is divided by 919?
25
What is the remainder when 273094 is divided by 45?
34
What is the remainder when 28985 is divided by 420?
5
Calculate the remainder when 33683937 is divided by 4576.
1
Calculate the remainder when 161676 is divided by 2884.
172
What is the remainder when 1003130 is divided by 15144?
3626
Calculate the remainder when 744274 is divided by 160.
114
Calculate the remainder when 282472317 is divided by 3120.
3117
Calculate the remainder when 46829 is divided by 22230.
2369
What is the remainder when 3812610 is divided by 3231?
30
What is the remainder when 365892 is divided by 12035?
4842
Calculate the remainder when 6730914 is divided by 170.
104
What is the remainder when 40015 is divided by 2106?
1
What is the remainder when 31247 is divided by 10405?
32
Calculate the remainder when 20270938 is divided by 2620.
2618
What is the remainder when 251883 is divided by 178?
13
What is the remainder when 387038 is divided by 387011?
27
What is the remainder when 97562219 is divided by 649?
645
What is the remainder when 325844 is divided by 107712?
2708
What is the remainder when 83467 is divided by 901?
575
What is the remainder when 474918 is divided by 36496?
470
Calculate the remainder when 5913792 is divided by 43.
2
Calculate the remainder when 125586864 is divided by 4645.
4644
Calculate the remainder when 38693 is divided by 38605.
88
What is the remainder when 27187765 is divided by 10641?
10
What is the remainder when 11611699 is divided by 430?
409
What is the remainder when 912884 is divided by 129273?
7973
Calculate the remainder when 377627 is divided by 3401.
116
What is the remainder when 1557479 is divided by 182?
105
Calculate the remainder when 3507058 is divided by 2417.
2408
Calculate the remainder when 18706378 is divided by 220.
218
What is the remainder when 303132 is divided by 203?
53
What is the remainder when 2304312793 is divided by 45?
43
Calculate the remainder when 5565999 is divided by 14.
5
What is the remainder when 23932860 is divided by 968?
28
Calculate the remainder when 3793552 is divided by 1264515.
7
What is the remainder when 142594 is divided by 7502?
56
Calculate the remainder when 11084862 is divided by 32.
30
What is the remainder when 1021486 is divided by 23215?
26
Calculate the remainder when 110371956 is divided by 339.
336
Calculate the remainder when 233508 is divided by 43.
18
What is the remainder when 370794 is divided by 185236?
322
What is the remainder when 44470 is divided by 22229?
12
What is the remainder when 17849 is divided by 1288?
1105
Calculate the remainder when 53352091 is divided by 2134083.
16
Calculate the remainder when 1609142 is divided by 693.
689
What is the remainder when 389381 is divided by 86?
59
What is the remainder when 21469833 is divided by 3067117?
14
What is the remainder when 6793305 is divided by 5299?
5286
Calculate the remainder when 335215920 is divided by 453.
450
What is the remainder when 2610215 is divided by 59?
55
Calculate the remainder when 33385004 is divided by 22376.
12
Calculate the remainder when 2583285 is divided by 645798.
93
Calculate the remainder when 17037190 is divided by 63.
37
What is the remainder when 200293236 is divided by 397?
384
Calculate the remainder when 75817 is divided by 75676.
141
Calculate the remainder when 184393587 is divided by 40.
27
What is the remainder when 4585954 is divided by 62821?
21
Calculate the remainder when 14311 is divided by 170.
31
What is the remainder when 210244 is divided by 105122?
0
Calculate the remainder when 20432364 is divided by 246173.
5
What is the remainder when 7212458 is divided by 310?
308
Calculate the remainder when 74535417 is divided by 60.
57
Calculate the remainder when 345324065 is divided by 54.
5
Calculate the remainder when 107212159 is divided by 157.
156
What is the remainder when 418766 is divided by 77?
40
What is the remainder when 1405257 is divided by 6991?
66
Calculate the remainder when 81749375 is divided by 576.
575
What is the remainder when 33013928 is divided by 8253480?
8
What is the remainder when 6333688 is divided by 2326?
2316
Calculate the remainder when 1084605 is divided by 1310.
1235
Calculate the remainder when 9023 is divided by 4439.
145
Calculate the remainder when 522109 is divided by 5119.
5090
Calculate the remainder when 11963499 is divided by 6.
3
Calculate the remainder when 30515351 is divided by 2374.
2329
Calculate the remainder when 942874 is divided by 44898.
16
Calculate the remainder when 295998 is divided by 3213.
402
Calculate the remainder when 6491512 is divided by 2932.
64
What is the remainder when 38053327 is divided by 61976?
63
What is the remainder when 301977 is divided by 64?
25
Calculate the remainder when 83261775 is divided by 227.
218
Calculate the remainder when 199463 is divided by 6753.
3626
Calculate the remainder when 1973822 is divided by 15665.
32
What is the remainder when 16444555 is divided by 330?
325
What is the remainder when 2022856 is divided by 674281?
13
Calculate the remainder when 10566 is divided by 6032.
4534
What is the remainder when 84805 is divided by 42223?
359
Calculate the remainder when 8657417 is divided by 557.
523
What is the remainder when 63568178 is divided by 259?
254
What is the remainder when 2024414 is divided by 18743?
170
What is the remainder when 533355 is divided by 442?
303
Calculate the remainder when 50232846 is divided by 461.
442
Calculate the remainder when 115897 is divided by 23089.
452
Calculate the remainder when 10242487 is divided by 896.
311
What is the remainder when 886014 is divided by 110747?
38
Calculate the remainder when 1065448 is divided by 20891.
7
What is the remainder when 36083 is divided by 824?
651
Calculate the remainder when 14013579 is divided by 553.
6
What is the remainder when 1079359 is divided by 3212?
127
Calculate the remainder when 490478 is divided by 3451.
436
What is the remainder when 4378624 is divided by 30?
4
Calculate the remainder when 1672110 is divided by 39.
24
What is the remainder when 1063065 is divided by 88586?
33
Calculate the remainder when 37395 is divided by 1161.
243
What is the remainder when 99614640 is divided by 488307?
12
What is the remainder when 88864374 is divided by 4231636?
18
Calculate the remainder when 1027710 is divided by 37.
35
Calculate the remainder when 58418876 is divided by 109.
108
What is the remainder when 4400766 is divided by 604?
22
Wh